rs of 1170.
2, 3, 5, 13
What are the prime factors of 2061879?
3, 17, 40429
List the prime factors of 245083.
245083
List the prime factors of 5086232.
2, 31, 20509
What are the prime factors of 1946883?
3, 648961
List the prime factors of 1227192.
2, 3, 51133
What are the prime factors of 1437397?
13, 110569
List the prime factors of 116967.
3, 127, 307
List the prime factors of 178619.
7, 17, 19, 79
What are the prime factors of 5841263?
5841263
List the prime factors of 16144677.
3, 29, 79
List the prime factors of 3343097.
3343097
What are the prime factors of 195175?
5, 37, 211
List the prime factors of 24248112.
2, 3, 7, 72167
What are the prime factors of 345387?
3, 7, 16447
What are the prime factors of 263991?
3, 7, 13, 967
List the prime factors of 400616.
2, 50077
List the prime factors of 1776893.
73, 101, 241
List the prime factors of 101808.
2, 3, 7, 101
What are the prime factors of 7790?
2, 5, 19, 41
What are the prime factors of 2424803?
53, 45751
What are the prime factors of 144864?
2, 3, 503
What are the prime factors of 366192?
2, 3, 2543
List the prime factors of 481884.
2, 3, 13, 3089
What are the prime factors of 25149907?
881, 28547
List the prime factors of 104062.
2, 7, 7433
List the prime factors of 19466211.
3, 23, 53, 5323
What are the prime factors of 201924?
2, 3, 71, 79
List the prime factors of 18819193.
223, 84391
List the prime factors of 14462865.
3, 5, 321397
List the prime factors of 24795.
3, 5, 19, 29
List the prime factors of 247831.
47, 5273
List the prime factors of 135802.
2, 67901
What are the prime factors of 18075814?
2, 9037907
List the prime factors of 7348183.
131, 56093
What are the prime factors of 11201492?
2, 2800373
What are the prime factors of 13694334?
2, 3, 79, 167, 173
List the prime factors of 80356.
2, 20089
What are the prime factors of 3847041?
3, 11, 12953
What are the prime factors of 719628?
2, 3, 7, 13, 659
What are the prime factors of 382751?
382751
What are the prime factors of 1614247?
1614247
List the prime factors of 189799.
189799
List the prime factors of 35484.
2, 3, 2957
List the prime factors of 2541516.
2, 3, 19, 71, 157
List the prime factors of 422766.
2, 3, 7829
List the prime factors of 10071179.
2803, 3593
What are the prime factors of 1041575?
5, 61, 683
List the prime factors of 427323.
3, 13, 10957
What are the prime factors of 608375?
5, 31, 157
What are the prime factors of 850221?
3, 17, 5557
List the prime factors of 188466.
2, 3, 101, 311
What are the prime factors of 2443318?
2, 1221659
What are the prime factors of 1010932?
2, 13, 19441
What are the prime factors of 4359611?
1831, 2381
List the prime factors of 1518510.
2, 3, 5, 7, 1033
What are the prime factors of 6900467?
7, 985781
What are the prime factors of 5195548?
2, 1298887
List the prime factors of 63130.
2, 5, 59, 107
What are the prime factors of 4623917?
149, 31033
List the prime factors of 13701125.
5, 109609
What are the prime factors of 4799834?
2, 13, 184609
What are the prime factors of 1538817?
3, 7, 73277
List the prime factors of 118587.
3, 7, 5647
What are the prime factors of 937783?
7, 11, 19, 641
What are the prime factors of 26064289?
26064289
What are the prime factors of 17076773?
7, 277, 8807
List the prime factors of 351408.
2, 3, 7321
List the prime factors of 11020.
2, 5, 19, 29
List the prime factors of 154222.
2, 29, 2659
List the prime factors of 2912979.
3, 271, 3583
What are the prime factors of 111431?
111431
List the prime factors of 1210318.
2, 199, 3041
List the prime factors of 1062258.
2, 3, 177043
What are the prime factors of 174409?
23, 7583
What are the prime factors of 837517?
389, 2153
What are the prime factors of 584678?
2, 283, 1033
What are the prime factors of 6660114?
2, 3, 1110019
What are the prime factors of 262551?
3, 87517
List the prime factors of 272257.
272257
What are the prime factors of 2151065?
5, 7, 41, 1499
List the prime factors of 31456567.
67, 469501
List the prime factors of 151309.
83, 1823
List the prime factors of 40418088.
2, 3, 653, 2579
What are the prime factors of 7022108?
2, 1755527
List the prime factors of 15178408.
2, 7, 271043
List the prime factors of 15599.
19, 821
What are the prime factors of 7513437?
3, 2504479
What are the prime factors of 3335371?
13, 256567
What are the prime factors of 15871561?
15871561
What are the prime factors of 485070?
2, 3, 5, 19, 23, 37
What are the prime factors of 144794?
2, 13, 5569
What are the prime factors of 512019?
3, 56891
What are the prime factors of 452182?
2, 107, 2113
List the prime factors of 1249725.
3, 5, 19, 877
List the prime factors of 50452.
2, 12613
List the prime factors of 31768.
2, 11, 19
What are the prime factors of 429406?
2, 53, 4051
List the prime factors of 314363.
7, 44909
What are the prime factors of 4872682?
2, 2436341
List the prime factors of 73497.
3, 24499
What are the prime factors of 162071?
7, 13, 137
What are the prime factors of 1230990?
2, 3, 5, 37, 1109
List the prime factors of 197039.
103, 1913
What are the prime factors of 34398464?
2, 134369
What are the prime factors of 1780762?
2, 73, 12197
What are the prime factors of 7392228?
2, 3, 53, 59, 197
What are the prime factors of 2518828?
2, 13, 59, 821
List the prime factors of 123361.
7, 17623
What are the prime factors of 11846992?
2, 109, 6793
List the prime factors of 727913.
61, 11933
List the prime factors of 68647.
19, 3613
List the prime factors of 636698.
2, 318349
What are the prime factors of 1730115?
3, 5, 38447
List the prime factors of 172344.
2, 3, 43, 167
List the prime factors of 920686.
2, 13, 17, 2083
List the prime factors of 206120.
2, 5, 5153
What are the prime factors of 166733?
7, 23819
What are the prime factors of 30481939?
1597, 19087
What are the prime factors of 117754?
2, 7, 13, 647
What are the prime factors of 2106447?
3, 7, 37, 2711
What are the prime factors of 236507?
236507
What are the prime factors of 975492?
2, 3, 7, 79
What are the prime factors of 198974?
2, 99487
What are the prime factors of 3445216?
2, 23, 31, 151
What are the prime factors of 737319?
3, 11, 22343
List the prime factors of 388960.
2, 5, 11, 13, 17
List the prime factors of 240893.
240893
List the prime factors of 144739.
7, 23, 29, 31
What are the prime factors of 13978044?
2, 3, 59, 6581
List the prime factors of 3491558.
2, 7, 249397
List the prime factors of 4997534.
2, 2498767
What are the prime factors of 334446?
2, 3, 7, 7963
List the prime factors of 23866484.
2, 83, 71887
List the prime factors of 3120991.
3120991
What are the prime factors of 5760128?
2, 11, 4091
List the prime factors of 702852.
2, 3, 37, 1583
What are the prime factors of 20094873?
3, 6698291
List the prime factors of 819891.
3, 91099
What are the prime factors of 971325?
3, 5, 1439
What are the prime factors of 360297?
3, 7, 19, 43
What are the prime factors of 146084?
2, 59, 619
What are the prime factors of 1479751?
7, 13, 23, 101
List the prime factors of 1208788.
2, 7, 23, 1877
List the prime factors of 9489809.
7, 53, 25579
List the prime factors of 1765545.
3, 5, 117703
List the prime factors of 1229315.
5, 245863
List the prime factors of 1574195.
5, 7, 41, 1097
What are the prime factors of 15157?
23, 659
List the prime factors of 7190597.
7190597
What are the prime factors of 1141274?
2, 570637
List the prime factors of 454098.
2, 3, 75683
List the prime factors of 5399133.
3, 29, 229, 271
List the prime factors of 190463.
7, 13, 23
List the prime factors of 1937161.
1213, 1597
List the prime factors of 13150963.
7, 23, 1667
List the prime factors of 353785.
5, 173, 409
What are the prime factors of 510176?
2, 107, 149
List the prime factors of 677629.
31, 21859
What are the prime factors of 42589549?
42589549
What are the prime factors of 1915532?
2, 23, 47, 443
List the prime factors of 4756317.
3, 491, 3229
What are the prime factors of 84569?
19, 4451
What are the prime factors of 14546294?
2, 7, 1039021
List the prime factors of 350443.
350443
What are the prime factors of 4679463?
3, 1559821
What are the prime factors of 5603041?
227, 24683
What are the prime factors of 55980?
2, 3, 5, 311
What are the prime factors of 5265688?
2, 658211
What are the prime factors of 88677?
